{"id":17,"date":"2014-08-26T01:37:16","date_gmt":"2014-08-26T01:37:16","guid":{"rendered":"http:\/\/www.essenceodonto.com.br\/wordpress\/?page_id=17"},"modified":"2024-08-22T22:02:57","modified_gmt":"2024-08-22T22:02:57","slug":"a-essence","status":"publish","type":"page","link":"https:\/\/www.essenceodonto.com.br\/?page_id=17","title":{"rendered":"A Essence"},"content":{"rendered":"<h3><span style=\"color: #008080;\"><strong>Essence Odonto &#8211; Centro Odontol\u00f3gico (Gravata\u00ed)<\/strong><\/span><\/h3>\n<p style=\"text-align: justify;\">A cl\u00ednica Essence Odonto localizada no centro de Gravata\u00ed (RS), foi inteiramente planejada pensando no bem estar e excelente atendimento de seus pacientes. Na recep\u00e7\u00e3o, o paciente encontra todo conforto para relaxar antes de ser encaminhado ao consult\u00f3rio. A cl\u00ednica re\u00fane o que h\u00e1 de mais moderno em odontologia e diversas especialidades tornando-se uma cl\u00ednica completa em odontologia com as mais novas tecnologias para o maior conforto do paciente e f\u00e1cil localiza\u00e7\u00e3o.<\/p>\n<p style=\"text-align: justify;\">Nosso corpo cl\u00ednico \u00e9 composto por profissionais especializados, comprometidos e altamente qualificados, atendendo a todas as especialidades odontol\u00f3gicas no mesmo local.<\/p>\n<p style=\"text-align: justify;\">Em constante evolu\u00e7\u00e3o, buscamos investir em equipamentos de \u00faltima gera\u00e7\u00e3o e em cont\u00ednuos cursos e congressos para a especializa\u00e7\u00e3o de nossa equipe de profissionais. Oferecer atendimento personalizado, seguran\u00e7a, e confiabilidade s\u00e3o os objetivos de nossa cl\u00ednica, garantindo um servi\u00e7o altamente qualificado e sua total satisfa\u00e7\u00e3o.<\/p>\n<p style=\"text-align: justify;\">Contamos com:<\/p>\n<ul>\n<li>Ambiente Monitorado por c\u00e2meras e alarme 24h.<\/li>\n<li>Ambiente climatizado.<\/li>\n<li>Equipamentos de \u00faltima gera\u00e7\u00e3o.<\/li>\n<li>Softwares de odontologia e sistemas de informatiza\u00e7\u00e3o.<\/li>\n<li>Micro-c\u00e2mera intraoral.<\/li>\n<li>Cadeiras odontol\u00f3gicas com multim\u00eddia.<\/li>\n<li>Alta rota\u00e7\u00e3o el\u00e9trica para maior conforto no tratamento.<\/li>\n<li>Sensor de RX digital para um diagn\u00f3stico mais r\u00e1pido e preciso.<\/li>\n<li>Bisturi el\u00e9trico.<\/li>\n<li>Internet wireless.<\/li>\n<\/ul>\n<p><a href=\"http:\/\/www.essenceodonto.com.br\/wp-content\/uploads\/2014\/08\/6b358570-caee-45eb-9954-abdbefa8e838.jpeg\"><img fetchpriority=\"high\" decoding=\"async\" class=\"aligncenter size-full wp-image-317\" src=\"http:\/\/www.essenceodonto.com.br\/wp-content\/uploads\/2014\/08\/6b358570-caee-45eb-9954-abdbefa8e838.jpeg\" alt=\"6b358570-caee-45eb-9954-abdbefa8e838\" width=\"1280\" height=\"958\" srcset=\"https:\/\/www.essenceodonto.com.br\/wp-content\/uploads\/2014\/08\/6b358570-caee-45eb-9954-abdbefa8e838.jpeg 1280w, https:\/\/www.essenceodonto.com.br\/wp-content\/uploads\/2014\/08\/6b358570-caee-45eb-9954-abdbefa8e838-300x225.jpeg 300w, https:\/\/www.essenceodonto.com.br\/wp-content\/uploads\/2014\/08\/6b358570-caee-45eb-9954-abdbefa8e838-1024x766.jpeg 1024w\" sizes=\"(max-width: 1280px) 100vw, 1280px\" \/><\/a><\/p>\n<p><a href=\"http:\/\/www.essenceodonto.com.br\/wp-content\/uploads\/2014\/08\/61b21de5-521a-47c7-a664-b3f0eb38dcb1.jpeg\"><img decoding=\"async\" class=\"aligncenter size-full wp-image-319\" src=\"http:\/\/www.essenceodonto.com.br\/wp-content\/uploads\/2014\/08\/61b21de5-521a-47c7-a664-b3f0eb38dcb1.jpeg\" alt=\"61b21de5-521a-47c7-a664-b3f0eb38dcb1\" width=\"1280\" height=\"958\" srcset=\"https:\/\/www.essenceodonto.com.br\/wp-content\/uploads\/2014\/08\/61b21de5-521a-47c7-a664-b3f0eb38dcb1.jpeg 1280w, https:\/\/www.essenceodonto.com.br\/wp-content\/uploads\/2014\/08\/61b21de5-521a-47c7-a664-b3f0eb38dcb1-300x225.jpeg 300w, https:\/\/www.essenceodonto.com.br\/wp-content\/uploads\/2014\/08\/61b21de5-521a-47c7-a664-b3f0eb38dcb1-1024x766.jpeg 1024w\" sizes=\"(max-width: 1280px) 100vw, 1280px\" \/><\/a><\/p>\n<p><a href=\"http:\/\/www.essenceodonto.com.br\/wp-content\/uploads\/2014\/08\/IMG_20181208_123944269.jpeg\"><img decoding=\"async\" class=\"aligncenter size-full wp-image-318\" src=\"http:\/\/www.essenceodonto.com.br\/wp-content\/uploads\/2014\/08\/IMG_20181208_123944269.jpeg\" alt=\"IMG_20181208_123944269\" width=\"3246\" height=\"1792\" srcset=\"https:\/\/www.essenceodonto.com.br\/wp-content\/uploads\/2014\/08\/IMG_20181208_123944269.jpeg 3246w, https:\/\/www.essenceodonto.com.br\/wp-content\/uploads\/2014\/08\/IMG_20181208_123944269-300x166.jpeg 300w, https:\/\/www.essenceodonto.com.br\/wp-content\/uploads\/2014\/08\/IMG_20181208_123944269-1024x565.jpeg 1024w\" sizes=\"(max-width: 3246px) 100vw, 3246px\" \/><\/a><\/p>\n<p><a href=\"http:\/\/www.essenceodonto.com.br\/wp-content\/uploads\/2014\/08\/IMG_2063.jpg\"><img loading=\"lazy\" decoding=\"async\" class=\"wp-image-296 alignright\" src=\"http:\/\/www.essenceodonto.com.br\/wp-content\/uploads\/2014\/08\/IMG_2063-723x1024.jpg\" alt=\"img_2063\" width=\"388\" height=\"550\" srcset=\"https:\/\/www.essenceodonto.com.br\/wp-content\/uploads\/2014\/08\/IMG_2063-723x1024.jpg 723w, https:\/\/www.essenceodonto.com.br\/wp-content\/uploads\/2014\/08\/IMG_2063-212x300.jpg 212w, https:\/\/www.essenceodonto.com.br\/wp-content\/uploads\/2014\/08\/IMG_2063.jpg 900w\" sizes=\"(max-width: 388px) 100vw, 388px\" \/><\/a><\/p>\n<p>&nbsp;<\/p>\n<p>&nbsp;<\/p>\n<p><strong>Atendemos os seguintes conv\u00eanios:<\/strong><\/p>\n<p style=\"text-align: justify;\">Sa\u00fadePas, DoctorClin, Cabergs, Soprevi, Redesul, Amil dental, Inpao,\u00a0Hapvida, Dentaluni,\u00a0Unimed Odonto, Sempre Odonto, Rede Odonto, Bradesco, Odontoprev, MetLife, Interodonto, Sindicato dos metal\u00fargicos (SINMGRA), CABERGS, ISSEG e OAB.<\/p>\n<p style=\"text-align: justify;\">A cl\u00ednica Essence Odonto tamb\u00e9m possui o seu pr\u00f3prio conv\u00eanio, o Essence Plus e com apenas uma anuidade voc\u00ea tem descontos em todos os procedimentos, benef\u00edcios e vantagens.<\/p>\n<p><span style=\"text-decoration: underline;\"><strong>Venha conferir!!!<\/strong><\/span><\/p>\n<h3><\/h3>\n<p>&nbsp;<\/p>\n<p>&nbsp;<\/p>\n<p>&nbsp;<\/p>\n<h3><span style=\"color: #008080;\"><strong>Consult\u00f3rio Odontol\u00f3gico Dra. Cristina Sombrio da Silva (Porto Alegre)<\/strong><\/span><\/h3>\n<p style=\"text-align: justify;\">Dra. Cristina Sombrio da Silva respons\u00e1vel t\u00e9cnica e propriet\u00e1ria da Essence Odonto &#8211; Centro Odontol\u00f3gico possui um Consult\u00f3rio localizado no bairro Floresta em Porto Alegre, seguindo as mesmas normas e exig\u00eancias de sua cl\u00ednica.<\/p>\n<p><a href=\"http:\/\/www.essenceodonto.com.br\/wp-content\/uploads\/2014\/08\/7b0c26a7-0f9a-4e94-b95b-a0c4d59bdd10.jpeg\"><img loading=\"lazy\" decoding=\"async\" class=\"aligncenter size-full wp-image-321\" src=\"http:\/\/www.essenceodonto.com.br\/wp-content\/uploads\/2014\/08\/7b0c26a7-0f9a-4e94-b95b-a0c4d59bdd10.jpeg\" alt=\"7b0c26a7-0f9a-4e94-b95b-a0c4d59bdd10\" width=\"841\" height=\"1160\" srcset=\"https:\/\/www.essenceodonto.com.br\/wp-content\/uploads\/2014\/08\/7b0c26a7-0f9a-4e94-b95b-a0c4d59bdd10.jpeg 841w, https:\/\/www.essenceodonto.com.br\/wp-content\/uploads\/2014\/08\/7b0c26a7-0f9a-4e94-b95b-a0c4d59bdd10-218x300.jpeg 218w, https:\/\/www.essenceodonto.com.br\/wp-content\/uploads\/2014\/08\/7b0c26a7-0f9a-4e94-b95b-a0c4d59bdd10-742x1024.jpeg 742w\" sizes=\"(max-width: 841px) 100vw, 841px\" \/><\/a><\/p>\n<p>&nbsp;<\/p>\n<p>Dra.Cristina Sombrio da Silva<\/p>\n<p>CRORS 18252<\/p>\n<p>Especialista em Pr\u00f3tese Dent\u00e1ria<\/p>\n<p>Especialista em Implantes Dent\u00e1rios<\/p>\n<p>Habilitada em Harmoniza\u00e7\u00e3o Facial<\/p>\n","protected":false},"excerpt":{"rendered":"<p>Essence Odonto &#8211; Centro Odontol\u00f3gico (Gravata\u00ed) A cl\u00ednica Essence Odonto localizada no centro de Gravata\u00ed (RS), foi inteiramente planejada pensando no bem estar e excelente atendimento de seus pacientes. Na recep\u00e7\u00e3o, o paciente encontra todo conforto para relaxar antes de ser encaminhado ao consult\u00f3rio. A cl\u00ednica re\u00fane o que h\u00e1 de mais moderno em odontologia [&hellip;]<\/p>\n","protected":false},"author":1,"featured_media":0,"parent":0,"menu_order":0,"comment_status":"closed","ping_status":"closed","template":"templates\/template-full.php","meta":{"footnotes":""},"class_list":["post-17","page","type-page","status-publish","hentry"],"_links":{"self":[{"href":"https:\/\/www.essenceodonto.com.br\/index.php?rest_route=\/wp\/v2\/pages\/17","targetHints":{"allow":["GET"]}}],"collection":[{"href":"https:\/\/www.essenceodonto.com.br\/index.php?rest_route=\/wp\/v2\/pages"}],"about":[{"href":"https:\/\/www.essenceodonto.com.br\/index.php?rest_route=\/wp\/v2\/types\/page"}],"author":[{"embeddable":true,"href":"https:\/\/www.essenceodonto.com.br\/index.php?rest_route=\/wp\/v2\/users\/1"}],"replies":[{"embeddable":true,"href":"https:\/\/www.essenceodonto.com.br\/index.php?rest_route=%2Fwp%2Fv2%2Fcomments&post=17"}],"version-history":[{"count":30,"href":"https:\/\/www.essenceodonto.com.br\/index.php?rest_route=\/wp\/v2\/pages\/17\/revisions"}],"predecessor-version":[{"id":322,"href":"https:\/\/www.essenceodonto.com.br\/index.php?rest_route=\/wp\/v2\/pages\/17\/revisions\/322"}],"wp:attachment":[{"href":"https:\/\/www.essenceodonto.com.br\/index.php?rest_route=%2Fwp%2Fv2%2Fmedia&parent=17"}],"curies":[{"name":"wp","href":"https:\/\/api.w.org\/{rel}","templated":true}]}}